{"id":333,"date":"2026-02-03T23:47:40","date_gmt":"2026-02-03T23:47:40","guid":{"rendered":"https:\/\/cpejr.com\/?page_id=333"},"modified":"2026-03-10T11:08:07","modified_gmt":"2026-03-10T11:08:07","slug":"pcbs","status":"publish","type":"page","link":"https:\/\/cpejr.com\/index.php\/pcbs\/","title":{"rendered":"PCBs"},"content":{"rendered":"\t\t<div data-elementor-type=\"wp-page\" data-elementor-id=\"333\" class=\"elementor elementor-333\" data-elementor-post-type=\"page\">\n\t\t\t\t<div class=\"elementor-element elementor-element-3219d75 e-flex e-con-boxed e-con e-parent\" data-id=\"3219d75\" data-element_type=\"container\">\n\t\t\t\t\t<div class=\"e-con-inner\">\n\t\t<div class=\"elementor-element elementor-element-17228d8 e-con-full e-flex e-con e-child\" data-id=\"17228d8\" data-element_type=\"container\">\n\t\t<div class=\"elementor-element elementor-element-40d392d e-con-full e-flex e-con e-child\" data-id=\"40d392d\" data-element_type=\"container\">\n\t\t<div class=\"elementor-element elementor-element-aac7b49 e-con-full e-flex e-con e-child\" data-id=\"aac7b49\" data-element_type=\"container\">\n\t\t<div class=\"elementor-element elementor-element-26f1293 e-con-full e-flex e-con e-child\" data-id=\"26f1293\" data-element_type=\"container\">\n\t\t<div class=\"elementor-element elementor-element-c18d51c e-con-full e-flex e-con e-child\" data-id=\"c18d51c\" data-element_type=\"container\">\n\t\t\t\t<div class=\"elementor-element elementor-element-ff04587 elementor-widget elementor-widget-heading\" data-id=\"ff04587\" data-element_type=\"widget\" data-widget_type=\"heading.default\">\n\t\t\t\t\t<h1 class=\"elementor-heading-title elementor-size-default\">Confec\u00e7\u00e3o de PCBs<\/h1>\t\t\t\t<\/div>\n\t\t\t\t<div class=\"elementor-element elementor-element-60d0d5d elementor-widget elementor-widget-text-editor\" data-id=\"60d0d5d\" data-element_type=\"widget\" data-widget_type=\"text-editor.default\">\n\t\t\t\t\t\t\t\t\t<p><span class=\"a_GcMg font-feature-liga-off font-feature-clig-off font-feature-calt-off text-decoration-none text-strikethrough-none\">A <\/span><strong><span class=\"a_GcMg font-feature-liga-off font-feature-clig-off font-feature-calt-off text-decoration-none text-strikethrough-none\">Confec\u00e7\u00e3o de PCBs<\/span><\/strong><span class=\"a_GcMg font-feature-liga-off font-feature-clig-off font-feature-calt-off text-decoration-none text-strikethrough-none\"> consiste no servi\u00e7o de produzir placas de<\/span><strong><span class=\"a_GcMg font-feature-liga-off font-feature-clig-off font-feature-calt-off text-decoration-none text-strikethrough-none\"> circuitos eletr\u00f4nicos<\/span><\/strong><span class=\"a_GcMg font-feature-liga-off font-feature-clig-off font-feature-calt-off text-decoration-none text-strikethrough-none\"><strong>.<\/strong> Por meio dela, \u00e9 poss\u00edvel executar o projeto eletr\u00f4nico que est\u00e1 no papel. Consiste na <\/span><span class=\"a_GcMg font-feature-liga-off font-feature-clig-off font-feature-calt-off text-decoration-none text-strikethrough-none\">produ\u00e7\u00e3o <\/span><span class=\"a_GcMg font-feature-liga-off font-feature-clig-off font-feature-calt-off text-decoration-none text-strikethrough-none\">e na <\/span><span class=\"a_GcMg font-feature-liga-off font-feature-clig-off font-feature-calt-off text-decoration-none text-strikethrough-none\">soldagem <\/span><span class=\"a_GcMg font-feature-liga-off font-feature-clig-off font-feature-calt-off text-decoration-none text-strikethrough-none\">dos componentes.<\/span><\/p>\t\t\t\t\t\t\t\t<\/div>\n\t\t\t\t<\/div>\n\t\t<div class=\"elementor-element elementor-element-255a92e e-con-full e-flex e-con e-child\" data-id=\"255a92e\" data-element_type=\"container\">\n\t\t\t\t<div class=\"elementor-element elementor-element-93a8653 elementor-widget elementor-widget-image\" data-id=\"93a8653\" data-element_type=\"widget\" data-widget_type=\"image.default\">\n\t\t\t\t\t\t\t\t\t\t\t\t\t\t\t<img fetchpriority=\"high\" decoding=\"async\" width=\"388\" height=\"389\" src=\"https:\/\/cpejr.com\/wp-content\/uploads\/2026\/02\/Screenshot-From-2026-02-19-10-30-22.png\" class=\"attachment-large size-large wp-image-699\" alt=\"\" srcset=\"https:\/\/cpejr.com\/wp-content\/uploads\/2026\/02\/Screenshot-From-2026-02-19-10-30-22.png 388w, https:\/\/cpejr.com\/wp-content\/uploads\/2026\/02\/Screenshot-From-2026-02-19-10-30-22-300x300.png 300w, https:\/\/cpejr.com\/wp-content\/uploads\/2026\/02\/Screenshot-From-2026-02-19-10-30-22-150x150.png 150w\" sizes=\"(max-width: 388px) 100vw, 388px\" \/>\t\t\t\t\t\t\t\t\t\t\t\t\t\t\t<\/div>\n\t\t\t\t<\/div>\n\t\t<div class=\"elementor-element elementor-element-f8b20e3 e-con-full e-flex e-con e-child\" data-id=\"f8b20e3\" data-element_type=\"container\">\n\t\t\t\t<div class=\"elementor-element elementor-element-caf2b32 elementor-widget elementor-widget-heading\" data-id=\"caf2b32\" data-element_type=\"widget\" data-widget_type=\"heading.default\">\n\t\t\t\t\t<h2 class=\"elementor-heading-title elementor-size-default\">Vantagens<\/h2>\t\t\t\t<\/div>\n\t\t\t\t<div class=\"elementor-element elementor-element-b1b11ee elementor-widget elementor-widget-text-editor\" data-id=\"b1b11ee\" data-element_type=\"widget\" data-widget_type=\"text-editor.default\">\n\t\t\t\t\t\t\t\t\t<ul><li><span class=\"a_GcMg font-feature-liga-off font-feature-clig-off font-feature-calt-off text-decoration-none text-strikethrough-none\">Sem estoque de componentes inutilizados<\/span><\/li><li><span class=\"a_GcMg font-feature-liga-off font-feature-clig-off font-feature-calt-off text-decoration-none text-strikethrough-none\">R\u00e1pido e pr\u00e1tico<\/span><\/li><li><span class=\"a_GcMg font-feature-liga-off font-feature-clig-off font-feature-calt-off text-decoration-none text-strikethrough-none\">M\u00e3o de obra operacional treinada<\/span><\/li><\/ul>\t\t\t\t\t\t\t\t<\/div>\n\t\t\t\t<\/div>\n\t\t\t\t<\/div>\n\t\t\t\t<div class=\"elementor-element elementor-element-752b0ab elementor-align-center e-transform e-transform elementor-widget elementor-widget-button\" data-id=\"752b0ab\" data-element_type=\"widget\" data-settings=\"{&quot;_transform_scale_effect_hover&quot;:{&quot;unit&quot;:&quot;px&quot;,&quot;size&quot;:1.1999999999999999555910790149937383830547332763671875,&quot;sizes&quot;:[]},&quot;_transform_scaleX_effect&quot;:{&quot;unit&quot;:&quot;px&quot;,&quot;size&quot;:&quot;&quot;,&quot;sizes&quot;:[]},&quot;_transform_scaleX_effect_tablet&quot;:{&quot;unit&quot;:&quot;px&quot;,&quot;size&quot;:&quot;&quot;,&quot;sizes&quot;:[]},&quot;_transform_scaleX_effect_mobile&quot;:{&quot;unit&quot;:&quot;px&quot;,&quot;size&quot;:&quot;&quot;,&quot;sizes&quot;:[]},&quot;_transform_scaleY_effect&quot;:{&quot;unit&quot;:&quot;px&quot;,&quot;size&quot;:&quot;&quot;,&quot;sizes&quot;:[]},&quot;_transform_scaleY_effect_tablet&quot;:{&quot;unit&quot;:&quot;px&quot;,&quot;size&quot;:&quot;&quot;,&quot;sizes&quot;:[]},&quot;_transform_scaleY_effect_mobile&quot;:{&quot;unit&quot;:&quot;px&quot;,&quot;size&quot;:&quot;&quot;,&quot;sizes&quot;:[]},&quot;_transform_scale_effect_hover_tablet&quot;:{&quot;unit&quot;:&quot;px&quot;,&quot;size&quot;:&quot;&quot;,&quot;sizes&quot;:[]},&quot;_transform_scale_effect_hover_mobile&quot;:{&quot;unit&quot;:&quot;px&quot;,&quot;size&quot;:&quot;&quot;,&quot;sizes&quot;:[]}}\" data-widget_type=\"button.default\">\n\t\t\t\t\t\t\t\t\t\t<a class=\"elementor-button elementor-button-link elementor-size-sm\" href=\"\/index.php\/contato\">\n\t\t\t\t\t\t<span class=\"elementor-button-content-wrapper\">\n\t\t\t\t\t\t\t\t\t<span class=\"elementor-button-text\">AGENDE UM OR\u00c7AMENTO<\/span>\n\t\t\t\t\t<\/span>\n\t\t\t\t\t<\/a>\n\t\t\t\t\t\t\t\t<\/div>\n\t\t\t\t<\/div>\n\t\t\t\t<\/div>\n\t\t\t\t<\/div>\n\t\t\t\t\t<\/div>\n\t\t\t\t<\/div>\n\t\t\t\t<\/div>\n\t\t","protected":false},"excerpt":{"rendered":"<p>Confec\u00e7\u00e3o de PCBs A Confec\u00e7\u00e3o de PCBs consiste no servi\u00e7o de produzir placas de circuitos eletr\u00f4nicos. Por meio dela, \u00e9 [&hellip;]<\/p>\n","protected":false},"author":1,"featured_media":0,"parent":0,"menu_order":0,"comment_status":"closed","ping_status":"closed","template":"","meta":{"_crdt_document":"","site-sidebar-layout":"no-sidebar","site-content-layout":"","ast-site-content-layout":"full-width-container","site-content-style":"default","site-sidebar-style":"default","ast-global-header-display":"","ast-banner-title-visibility":"","ast-main-header-display":"","ast-hfb-above-header-display":"","ast-hfb-below-header-display":"","ast-hfb-mobile-header-display":"","site-post-title":"disabled","ast-breadcrumbs-content":"","ast-featured-img":"disabled","footer-sml-layout":"","ast-disable-related-posts":"","theme-transparent-header-meta":"","adv-header-id-meta":"","stick-header-meta":"","header-above-stick-meta":"","header-main-stick-meta":"","header-below-stick-meta":"","astra-migrate-meta-layouts":"default","ast-page-background-enabled":"default","ast-page-background-meta":{"desktop":{"background-color":"var(--ast-global-color-5)","background-image":"","background-repeat":"repeat","background-position":"center center","background-size":"auto","background-attachment":"scroll","background-type":"","background-media":"","overlay-type":"","overlay-color":"","overlay-opacity":"","overlay-gradient":""},"tablet":{"background-color":"","background-image":"","background-repeat":"repeat","background-position":"center center","background-size":"auto","background-attachment":"scroll","background-type":"","background-media":"","overlay-type":"","overlay-color":"","overlay-opacity":"","overlay-gradient":""},"mobile":{"background-color":"","background-image":"","background-repeat":"repeat","background-position":"center center","background-size":"auto","background-attachment":"scroll","background-type":"","background-media":"","overlay-type":"","overlay-color":"","overlay-opacity":"","overlay-gradient":""}},"ast-content-background-meta":{"desktop":{"background-color":"var(--ast-global-color-4)","background-image":"","background-repeat":"repeat","background-position":"center center","background-size":"auto","background-attachment":"scroll","background-type":"","background-media":"","overlay-type":"","overlay-color":"","overlay-opacity":"","overlay-gradient":""},"tablet":{"background-color":"var(--ast-global-color-4)","background-image":"","background-repeat":"repeat","background-position":"center center","background-size":"auto","background-attachment":"scroll","background-type":"","background-media":"","overlay-type":"","overlay-color":"","overlay-opacity":"","overlay-gradient":""},"mobile":{"background-color":"var(--ast-global-color-4)","background-image":"","background-repeat":"repeat","background-position":"center center","background-size":"auto","background-attachment":"scroll","background-type":"","background-media":"","overlay-type":"","overlay-color":"","overlay-opacity":"","overlay-gradient":""}},"footnotes":""},"class_list":["post-333","page","type-page","status-publish","hentry"],"yoast_head":"<!-- This site is optimized with the Yoast SEO plugin v26.8 - https:\/\/yoast.com\/product\/yoast-seo-wordpress\/ -->\n<title>PCBs - CPE Jr<\/title>\n<meta name=\"robots\" content=\"index, follow, max-snippet:-1, max-image-preview:large, max-video-preview:-1\" \/>\n<link rel=\"canonical\" href=\"https:\/\/cpejr.com\/index.php\/pcbs\/\" \/>\n<meta property=\"og:locale\" content=\"en_US\" \/>\n<meta property=\"og:type\" content=\"article\" \/>\n<meta property=\"og:title\" content=\"PCBs - CPE Jr\" \/>\n<meta property=\"og:description\" content=\"Confec\u00e7\u00e3o de PCBs A Confec\u00e7\u00e3o de PCBs consiste no servi\u00e7o de produzir placas de circuitos eletr\u00f4nicos. Por meio dela, \u00e9 [&hellip;]\" \/>\n<meta property=\"og:url\" content=\"https:\/\/cpejr.com\/index.php\/pcbs\/\" \/>\n<meta property=\"og:site_name\" content=\"CPE Jr\" \/>\n<meta property=\"article:modified_time\" content=\"2026-03-10T11:08:07+00:00\" \/>\n<meta property=\"og:image\" content=\"https:\/\/cpejr.com\/wp-content\/uploads\/2026\/02\/Screenshot-From-2026-02-19-10-30-22.png\" \/>\n\t<meta property=\"og:image:width\" content=\"388\" \/>\n\t<meta property=\"og:image:height\" content=\"389\" \/>\n\t<meta property=\"og:image:type\" content=\"image\/png\" \/>\n<meta name=\"twitter:card\" content=\"summary_large_image\" \/>\n<meta name=\"twitter:label1\" content=\"Est. reading time\" \/>\n\t<meta name=\"twitter:data1\" content=\"1 minute\" \/>\n<script type=\"application\/ld+json\" class=\"yoast-schema-graph\">{\"@context\":\"https:\/\/schema.org\",\"@graph\":[{\"@type\":\"WebPage\",\"@id\":\"https:\/\/cpejr.com\/index.php\/pcbs\/\",\"url\":\"https:\/\/cpejr.com\/index.php\/pcbs\/\",\"name\":\"PCBs - CPE Jr\",\"isPartOf\":{\"@id\":\"https:\/\/cpejr.com\/#website\"},\"primaryImageOfPage\":{\"@id\":\"https:\/\/cpejr.com\/index.php\/pcbs\/#primaryimage\"},\"image\":{\"@id\":\"https:\/\/cpejr.com\/index.php\/pcbs\/#primaryimage\"},\"thumbnailUrl\":\"https:\/\/cpejr.com\/wp-content\/uploads\/2026\/02\/Screenshot-From-2026-02-19-10-30-22.png\",\"datePublished\":\"2026-02-03T23:47:40+00:00\",\"dateModified\":\"2026-03-10T11:08:07+00:00\",\"breadcrumb\":{\"@id\":\"https:\/\/cpejr.com\/index.php\/pcbs\/#breadcrumb\"},\"inLanguage\":\"en-US\",\"potentialAction\":[{\"@type\":\"ReadAction\",\"target\":[\"https:\/\/cpejr.com\/index.php\/pcbs\/\"]}]},{\"@type\":\"ImageObject\",\"inLanguage\":\"en-US\",\"@id\":\"https:\/\/cpejr.com\/index.php\/pcbs\/#primaryimage\",\"url\":\"https:\/\/cpejr.com\/wp-content\/uploads\/2026\/02\/Screenshot-From-2026-02-19-10-30-22.png\",\"contentUrl\":\"https:\/\/cpejr.com\/wp-content\/uploads\/2026\/02\/Screenshot-From-2026-02-19-10-30-22.png\",\"width\":388,\"height\":389},{\"@type\":\"BreadcrumbList\",\"@id\":\"https:\/\/cpejr.com\/index.php\/pcbs\/#breadcrumb\",\"itemListElement\":[{\"@type\":\"ListItem\",\"position\":1,\"name\":\"Home\",\"item\":\"https:\/\/cpejr.com\/\"},{\"@type\":\"ListItem\",\"position\":2,\"name\":\"PCBs\"}]},{\"@type\":\"WebSite\",\"@id\":\"https:\/\/cpejr.com\/#website\",\"url\":\"https:\/\/cpejr.com\/\",\"name\":\"CPE Jr\",\"description\":\"\",\"publisher\":{\"@id\":\"https:\/\/cpejr.com\/#organization\"},\"potentialAction\":[{\"@type\":\"SearchAction\",\"target\":{\"@type\":\"EntryPoint\",\"urlTemplate\":\"https:\/\/cpejr.com\/?s={search_term_string}\"},\"query-input\":{\"@type\":\"PropertyValueSpecification\",\"valueRequired\":true,\"valueName\":\"search_term_string\"}}],\"inLanguage\":\"en-US\"},{\"@type\":\"Organization\",\"@id\":\"https:\/\/cpejr.com\/#organization\",\"name\":\"CPE Jr\",\"url\":\"https:\/\/cpejr.com\/\",\"logo\":{\"@type\":\"ImageObject\",\"inLanguage\":\"en-US\",\"@id\":\"https:\/\/cpejr.com\/#\/schema\/logo\/image\/\",\"url\":\"https:\/\/cpejr.com\/wp-content\/uploads\/2026\/01\/cropped-Screenshot_2026-01-28_at_08-01-50_Editavel_-_Google_Drive-removebg-preview.png\",\"contentUrl\":\"https:\/\/cpejr.com\/wp-content\/uploads\/2026\/01\/cropped-Screenshot_2026-01-28_at_08-01-50_Editavel_-_Google_Drive-removebg-preview.png\",\"width\":500,\"height\":177,\"caption\":\"CPE Jr\"},\"image\":{\"@id\":\"https:\/\/cpejr.com\/#\/schema\/logo\/image\/\"}}]}<\/script>\n<!-- \/ Yoast SEO plugin. -->","yoast_head_json":{"title":"PCBs - CPE Jr","robots":{"index":"index","follow":"follow","max-snippet":"max-snippet:-1","max-image-preview":"max-image-preview:large","max-video-preview":"max-video-preview:-1"},"canonical":"https:\/\/cpejr.com\/index.php\/pcbs\/","og_locale":"en_US","og_type":"article","og_title":"PCBs - CPE Jr","og_description":"Confec\u00e7\u00e3o de PCBs A Confec\u00e7\u00e3o de PCBs consiste no servi\u00e7o de produzir placas de circuitos eletr\u00f4nicos. Por meio dela, \u00e9 [&hellip;]","og_url":"https:\/\/cpejr.com\/index.php\/pcbs\/","og_site_name":"CPE Jr","article_modified_time":"2026-03-10T11:08:07+00:00","og_image":[{"width":388,"height":389,"url":"https:\/\/cpejr.com\/wp-content\/uploads\/2026\/02\/Screenshot-From-2026-02-19-10-30-22.png","type":"image\/png"}],"twitter_card":"summary_large_image","twitter_misc":{"Est. reading time":"1 minute"},"schema":{"@context":"https:\/\/schema.org","@graph":[{"@type":"WebPage","@id":"https:\/\/cpejr.com\/index.php\/pcbs\/","url":"https:\/\/cpejr.com\/index.php\/pcbs\/","name":"PCBs - CPE Jr","isPartOf":{"@id":"https:\/\/cpejr.com\/#website"},"primaryImageOfPage":{"@id":"https:\/\/cpejr.com\/index.php\/pcbs\/#primaryimage"},"image":{"@id":"https:\/\/cpejr.com\/index.php\/pcbs\/#primaryimage"},"thumbnailUrl":"https:\/\/cpejr.com\/wp-content\/uploads\/2026\/02\/Screenshot-From-2026-02-19-10-30-22.png","datePublished":"2026-02-03T23:47:40+00:00","dateModified":"2026-03-10T11:08:07+00:00","breadcrumb":{"@id":"https:\/\/cpejr.com\/index.php\/pcbs\/#breadcrumb"},"inLanguage":"en-US","potentialAction":[{"@type":"ReadAction","target":["https:\/\/cpejr.com\/index.php\/pcbs\/"]}]},{"@type":"ImageObject","inLanguage":"en-US","@id":"https:\/\/cpejr.com\/index.php\/pcbs\/#primaryimage","url":"https:\/\/cpejr.com\/wp-content\/uploads\/2026\/02\/Screenshot-From-2026-02-19-10-30-22.png","contentUrl":"https:\/\/cpejr.com\/wp-content\/uploads\/2026\/02\/Screenshot-From-2026-02-19-10-30-22.png","width":388,"height":389},{"@type":"BreadcrumbList","@id":"https:\/\/cpejr.com\/index.php\/pcbs\/#breadcrumb","itemListElement":[{"@type":"ListItem","position":1,"name":"Home","item":"https:\/\/cpejr.com\/"},{"@type":"ListItem","position":2,"name":"PCBs"}]},{"@type":"WebSite","@id":"https:\/\/cpejr.com\/#website","url":"https:\/\/cpejr.com\/","name":"CPE Jr","description":"","publisher":{"@id":"https:\/\/cpejr.com\/#organization"},"potentialAction":[{"@type":"SearchAction","target":{"@type":"EntryPoint","urlTemplate":"https:\/\/cpejr.com\/?s={search_term_string}"},"query-input":{"@type":"PropertyValueSpecification","valueRequired":true,"valueName":"search_term_string"}}],"inLanguage":"en-US"},{"@type":"Organization","@id":"https:\/\/cpejr.com\/#organization","name":"CPE Jr","url":"https:\/\/cpejr.com\/","logo":{"@type":"ImageObject","inLanguage":"en-US","@id":"https:\/\/cpejr.com\/#\/schema\/logo\/image\/","url":"https:\/\/cpejr.com\/wp-content\/uploads\/2026\/01\/cropped-Screenshot_2026-01-28_at_08-01-50_Editavel_-_Google_Drive-removebg-preview.png","contentUrl":"https:\/\/cpejr.com\/wp-content\/uploads\/2026\/01\/cropped-Screenshot_2026-01-28_at_08-01-50_Editavel_-_Google_Drive-removebg-preview.png","width":500,"height":177,"caption":"CPE Jr"},"image":{"@id":"https:\/\/cpejr.com\/#\/schema\/logo\/image\/"}}]}},"_links":{"self":[{"href":"https:\/\/cpejr.com\/index.php\/wp-json\/wp\/v2\/pages\/333","targetHints":{"allow":["GET"]}}],"collection":[{"href":"https:\/\/cpejr.com\/index.php\/wp-json\/wp\/v2\/pages"}],"about":[{"href":"https:\/\/cpejr.com\/index.php\/wp-json\/wp\/v2\/types\/page"}],"author":[{"embeddable":true,"href":"https:\/\/cpejr.com\/index.php\/wp-json\/wp\/v2\/users\/1"}],"replies":[{"embeddable":true,"href":"https:\/\/cpejr.com\/index.php\/wp-json\/wp\/v2\/comments?post=333"}],"version-history":[{"count":15,"href":"https:\/\/cpejr.com\/index.php\/wp-json\/wp\/v2\/pages\/333\/revisions"}],"predecessor-version":[{"id":772,"href":"https:\/\/cpejr.com\/index.php\/wp-json\/wp\/v2\/pages\/333\/revisions\/772"}],"wp:attachment":[{"href":"https:\/\/cpejr.com\/index.php\/wp-json\/wp\/v2\/media?parent=333"}],"curies":[{"name":"wp","href":"https:\/\/api.w.org\/{rel}","templated":true}]}}